{"id":3568,"date":"2024-06-17T18:07:26","date_gmt":"2024-06-17T16:07:26","guid":{"rendered":"https:\/\/www.rmsv-langenbrand.de\/?page_id=3568"},"modified":"2024-06-17T18:08:48","modified_gmt":"2024-06-17T16:08:48","slug":"berichte-2024-2","status":"publish","type":"page","link":"https:\/\/www.rmsv-langenbrand.de\/?page_id=3568","title":{"rendered":"Berichte 2024"},"content":{"rendered":"\n<p class=\"has-text-align-center\"><strong>RMSV beim Einsteigerrennen in Haslach am Start<\/strong><\/p>\n\n\n\n<figure class=\"wp-block-gallery has-nested-images columns-default is-cropped wp-block-gallery-1 is-layout-flex wp-block-gallery-is-layout-flex\">\n<figure class=\"wp-block-image size-large\"><a href=\"https:\/\/www.rmsv-langenbrand.de\/wp-content\/uploads\/2024\/06\/9597fa70-e0b0-4e0d-8195-e399a1941729.jpeg\"><img loading=\"lazy\" decoding=\"async\" width=\"576\" height=\"1024\" data-id=\"3562\" src=\"https:\/\/www.rmsv-langenbrand.de\/wp-content\/uploads\/2024\/06\/9597fa70-e0b0-4e0d-8195-e399a1941729-576x1024.jpeg\" alt=\"\" class=\"wp-image-3562\" srcset=\"https:\/\/www.rmsv-langenbrand.de\/wp-content\/uploads\/2024\/06\/9597fa70-e0b0-4e0d-8195-e399a1941729-576x1024.jpeg 576w, https:\/\/www.rmsv-langenbrand.de\/wp-content\/uploads\/2024\/06\/9597fa70-e0b0-4e0d-8195-e399a1941729-169x300.jpeg 169w, https:\/\/www.rmsv-langenbrand.de\/wp-content\/uploads\/2024\/06\/9597fa70-e0b0-4e0d-8195-e399a1941729-768x1365.jpeg 768w, https:\/\/www.rmsv-langenbrand.de\/wp-content\/uploads\/2024\/06\/9597fa70-e0b0-4e0d-8195-e399a1941729-864x1536.jpeg 864w, https:\/\/www.rmsv-langenbrand.de\/wp-content\/uploads\/2024\/06\/9597fa70-e0b0-4e0d-8195-e399a1941729.jpeg 900w\" sizes=\"auto, (max-width: 576px) 100vw, 576px\" \/><\/a><\/figure>\n\n\n\n<figure class=\"wp-block-image size-large\"><a href=\"https:\/\/www.rmsv-langenbrand.de\/wp-content\/uploads\/2024\/06\/e4d43123-f3a5-46c0-9c2d-5d43975727e6.jpeg\"><img loading=\"lazy\" decoding=\"async\" width=\"1024\" height=\"576\" data-id=\"3561\" src=\"https:\/\/www.rmsv-langenbrand.de\/wp-content\/uploads\/2024\/06\/e4d43123-f3a5-46c0-9c2d-5d43975727e6-1024x576.jpeg\" alt=\"\" class=\"wp-image-3561\" srcset=\"https:\/\/www.rmsv-langenbrand.de\/wp-content\/uploads\/2024\/06\/e4d43123-f3a5-46c0-9c2d-5d43975727e6-1024x576.jpeg 1024w, https:\/\/www.rmsv-langenbrand.de\/wp-content\/uploads\/2024\/06\/e4d43123-f3a5-46c0-9c2d-5d43975727e6-300x169.jpeg 300w, https:\/\/www.rmsv-langenbrand.de\/wp-content\/uploads\/2024\/06\/e4d43123-f3a5-46c0-9c2d-5d43975727e6-768x432.jpeg 768w, https:\/\/www.rmsv-langenbrand.de\/wp-content\/uploads\/2024\/06\/e4d43123-f3a5-46c0-9c2d-5d43975727e6-1536x864.jpeg 1536w, https:\/\/www.rmsv-langenbrand.de\/wp-content\/uploads\/2024\/06\/e4d43123-f3a5-46c0-9c2d-5d43975727e6.jpeg 1600w\" sizes=\"auto, (max-width: 1024px) 100vw, 1024px\" \/><\/a><\/figure>\n<\/figure>\n\n\n\n<p>Heute waren wir mit 7 Kindern beim Einsteigerrennen des RSV Staubwolke Haslach. Lias startete in der U6 und erreichte einen tollen 7. Platz. \u00a0Mino startete bei der U7 und wurde trotz Sturz kurz nach dem Start noch sehr guter vierter. Die Strecke der U9, U11 und U13 f\u00fchrte durch eine Apfelplantage und es waren reichlich enge Kurven und kleine Hindernisse eingebaut. F\u00fcr die Kids gab es einen Le Mans Start, bei dem sie zum Fahrrad laufen und dann m\u00f6glichst schnell losfahren mussten. Bei den U9 M\u00e4dchen legte Ria einen Raketenstart hin und ging als zweite auf die Strecke. Nach der ersten Runde f\u00fchrte sie das Rennen mit Abstand an und lie\u00df sich das bis zum Ziel auch nicht mehr nehmen. Beim Rennen der U9-Jungs waren die meisten Fahrer am Start. Von uns waren Paul und Fabian am Start. Nach etwas Gerangel beim Start haben die beiden super aufgeholt und am Ende wurde Fabian f\u00fcnfter und Paul siebter. Ina hatte bei den M\u00e4dchen U11 einen super Start und ging als 2. auf die Strecke. Leider konnte sie die Position in einem sehr stark besetzten Feld nicht halten und wurde am Ende f\u00fcnfte. Bei den M\u00e4dchen U13 war Lisa f\u00fcr den RMSV am Start und erreichte nach einem tollen Rennen Platz 3. Alle haben eine Urkunde und Medaillen bekommen und hatten m\u00e4chtig Spa\u00df!<\/p>\n\n\n\n<figure class=\"wp-block-gallery has-nested-images columns-default is-cropped wp-block-gallery-2 is-layout-flex wp-block-gallery-is-layout-flex\">\n<figure class=\"wp-block-image size-large\"><a href=\"https:\/\/www.rmsv-langenbrand.de\/wp-content\/uploads\/2024\/06\/eae8a625-c70b-4f6a-a871-7f6361e57f4c.jpeg\"><img loading=\"lazy\" decoding=\"async\" width=\"1024\" height=\"576\" data-id=\"3563\" src=\"https:\/\/www.rmsv-langenbrand.de\/wp-content\/uploads\/2024\/06\/eae8a625-c70b-4f6a-a871-7f6361e57f4c-1024x576.jpeg\" alt=\"\" class=\"wp-image-3563\" srcset=\"https:\/\/www.rmsv-langenbrand.de\/wp-content\/uploads\/2024\/06\/eae8a625-c70b-4f6a-a871-7f6361e57f4c-1024x576.jpeg 1024w, https:\/\/www.rmsv-langenbrand.de\/wp-content\/uploads\/2024\/06\/eae8a625-c70b-4f6a-a871-7f6361e57f4c-300x169.jpeg 300w, https:\/\/www.rmsv-langenbrand.de\/wp-content\/uploads\/2024\/06\/eae8a625-c70b-4f6a-a871-7f6361e57f4c-768x432.jpeg 768w, https:\/\/www.rmsv-langenbrand.de\/wp-content\/uploads\/2024\/06\/eae8a625-c70b-4f6a-a871-7f6361e57f4c-1536x864.jpeg 1536w, https:\/\/www.rmsv-langenbrand.de\/wp-content\/uploads\/2024\/06\/eae8a625-c70b-4f6a-a871-7f6361e57f4c.jpeg 1600w\" sizes=\"auto, (max-width: 1024px) 100vw, 1024px\" \/><\/a><\/figure>\n\n\n\n<figure class=\"wp-block-image size-large\"><a href=\"https:\/\/www.rmsv-langenbrand.de\/wp-content\/uploads\/2024\/06\/e468b0f2-a29e-4a37-8253-b1d91b2776f3.jpeg\"><img loading=\"lazy\" decoding=\"async\" width=\"1024\" height=\"576\" data-id=\"3564\" src=\"https:\/\/www.rmsv-langenbrand.de\/wp-content\/uploads\/2024\/06\/e468b0f2-a29e-4a37-8253-b1d91b2776f3-1024x576.jpeg\" alt=\"\" class=\"wp-image-3564\" srcset=\"https:\/\/www.rmsv-langenbrand.de\/wp-content\/uploads\/2024\/06\/e468b0f2-a29e-4a37-8253-b1d91b2776f3-1024x576.jpeg 1024w, https:\/\/www.rmsv-langenbrand.de\/wp-content\/uploads\/2024\/06\/e468b0f2-a29e-4a37-8253-b1d91b2776f3-300x169.jpeg 300w, https:\/\/www.rmsv-langenbrand.de\/wp-content\/uploads\/2024\/06\/e468b0f2-a29e-4a37-8253-b1d91b2776f3-768x432.jpeg 768w, https:\/\/www.rmsv-langenbrand.de\/wp-content\/uploads\/2024\/06\/e468b0f2-a29e-4a37-8253-b1d91b2776f3-1536x864.jpeg 1536w, https:\/\/www.rmsv-langenbrand.de\/wp-content\/uploads\/2024\/06\/e468b0f2-a29e-4a37-8253-b1d91b2776f3.jpeg 1600w\" sizes=\"auto, (max-width: 1024px) 100vw, 1024px\" \/><\/a><\/figure>\n<\/figure>\n","protected":false},"excerpt":{"rendered":"<p>RMSV beim Einsteigerrennen in Haslach am Start Heute waren wir mit 7 Kindern beim Einsteigerrennen des RSV Staubwolke Haslach. Lias startete in der U6 und erreichte einen tollen 7. Platz. \u00a0Mino startete bei der U7 und wurde trotz Sturz kurz nach dem Start noch sehr guter vierter. Die Strecke der <a class=\"more-link\" href=\"https:\/\/www.rmsv-langenbrand.de\/?page_id=3568\">Weiterlesen<\/a><\/p>\n","protected":false},"author":5,"featured_media":0,"parent":0,"menu_order":0,"comment_status":"closed","ping_status":"closed","template":"","meta":{"ngg_post_thumbnail":0,"footnotes":""},"class_list":["post-3568","page","type-page","status-publish","hentry"],"_links":{"self":[{"href":"https:\/\/www.rmsv-langenbrand.de\/index.php?rest_route=\/wp\/v2\/pages\/3568","targetHints":{"allow":["GET"]}}],"collection":[{"href":"https:\/\/www.rmsv-langenbrand.de\/index.php?rest_route=\/wp\/v2\/pages"}],"about":[{"href":"https:\/\/www.rmsv-langenbrand.de\/index.php?rest_route=\/wp\/v2\/types\/page"}],"author":[{"embeddable":true,"href":"https:\/\/www.rmsv-langenbrand.de\/index.php?rest_route=\/wp\/v2\/users\/5"}],"replies":[{"embeddable":true,"href":"https:\/\/www.rmsv-langenbrand.de\/index.php?rest_route=%2Fwp%2Fv2%2Fcomments&post=3568"}],"version-history":[{"count":2,"href":"https:\/\/www.rmsv-langenbrand.de\/index.php?rest_route=\/wp\/v2\/pages\/3568\/revisions"}],"predecessor-version":[{"id":3573,"href":"https:\/\/www.rmsv-langenbrand.de\/index.php?rest_route=\/wp\/v2\/pages\/3568\/revisions\/3573"}],"wp:attachment":[{"href":"https:\/\/www.rmsv-langenbrand.de\/index.php?rest_route=%2Fwp%2Fv2%2Fmedia&parent=3568"}],"curies":[{"name":"wp","href":"https:\/\/api.w.org\/{rel}","templated":true}]}}