{"id":212,"date":"2016-04-27T20:24:03","date_gmt":"2016-04-27T18:24:03","guid":{"rendered":"http:\/\/www.rmsv-langenbrand.de\/?page_id=212"},"modified":"2022-06-12T20:01:56","modified_gmt":"2022-06-12T18:01:56","slug":"strecke","status":"publish","type":"page","link":"https:\/\/www.rmsv-langenbrand.de\/?page_id=212","title":{"rendered":"Strecke Hill-Climb"},"content":{"rendered":"\n<p>Wie in den Jahren zuvor f\u00fchrt die Strecke von der Festhalle auf direktem Weg zum Hohlenstein. Die Fahrer der kurzen Distanz haben hier das Ziel erreicht, die Fahrer auf der langen Strecke fahren weiter bis zum Hutweg. <a rel=\"attachment wp-att-238\" href=\"https:\/\/www.rmsv-langenbrand.de\/wp-content\/uploads\/2016\/04\/Strecke_Bergrennen.jpg\"><img loading=\"lazy\" decoding=\"async\" width=\"678\" height=\"226\" class=\"alignnone wp-image-238 size-large\" src=\"https:\/\/www.rmsv-langenbrand.de\/wp-content\/uploads\/2016\/04\/Strecke_Bergrennen-1024x341.jpg\" alt=\"Strecke_Bergrennen\" srcset=\"https:\/\/www.rmsv-langenbrand.de\/wp-content\/uploads\/2016\/04\/Strecke_Bergrennen-1024x341.jpg 1024w, https:\/\/www.rmsv-langenbrand.de\/wp-content\/uploads\/2016\/04\/Strecke_Bergrennen-300x100.jpg 300w, https:\/\/www.rmsv-langenbrand.de\/wp-content\/uploads\/2016\/04\/Strecke_Bergrennen-768x256.jpg 768w\" sizes=\"auto, (max-width: 678px) 100vw, 678px\" \/><span style=\"color: #000000;\">Die kurze Distanz geht \u00fcber 2500m \/ 250hm, die gro\u00dfe \u00fcber 5000m \/ 500hm. Fahrer der Funklassen m\u00fcssen lediglich die 2500m absolvieren, Lizenzfahrer werden nur auf der 5000m Strecke gewertet. Fahrer in der Funklasse haben die M\u00f6glichkeit, w\u00e4hrend des Rennens zu entscheiden, ob sie die gro\u00dfe Strecke in Angriff nehmen wollen.<\/span><\/a><\/p>\n\n\n\n<h2 class=\"wp-block-heading\">Strecke Kids-Race<\/h2>\n\n\n\n<p>Die Rennstrecke der Kids folgt der Strecke, die beim ersten MTB-Rennen in Langenbrand im Jahre 1989 schon befahren wurde. Die Strecke verl\u00e4uft gr\u00f6\u00dftenteils auf befestigten Feld- und Wiesenwegen, pro Runde sind 1,5 km und 20 H\u00f6henmeter zu bew\u00e4ltigen. Die technischen Anforderungen halten sich in Grenzen und damit ist das Rennen sehr gut f\u00fcr Neueinsteiger geeignet.<\/p>\n\n\n\n<figure class=\"wp-block-image size-large\"><a href=\"https:\/\/www.rmsv-langenbrand.de\/wp-content\/uploads\/2022\/06\/Streckenverlauf_KidsRace.jpg\"><img loading=\"lazy\" decoding=\"async\" width=\"1024\" height=\"534\" src=\"https:\/\/www.rmsv-langenbrand.de\/wp-content\/uploads\/2022\/06\/Streckenverlauf_KidsRace-1024x534.jpg\" alt=\"\" class=\"wp-image-2734\" srcset=\"https:\/\/www.rmsv-langenbrand.de\/wp-content\/uploads\/2022\/06\/Streckenverlauf_KidsRace-1024x534.jpg 1024w, https:\/\/www.rmsv-langenbrand.de\/wp-content\/uploads\/2022\/06\/Streckenverlauf_KidsRace-300x156.jpg 300w, https:\/\/www.rmsv-langenbrand.de\/wp-content\/uploads\/2022\/06\/Streckenverlauf_KidsRace-768x400.jpg 768w, https:\/\/www.rmsv-langenbrand.de\/wp-content\/uploads\/2022\/06\/Streckenverlauf_KidsRace.jpg 1099w\" sizes=\"auto, (max-width: 1024px) 100vw, 1024px\" \/><\/a><\/figure>\n","protected":false},"excerpt":{"rendered":"<p>Wie in den Jahren zuvor f\u00fchrt die Strecke von der Festhalle auf direktem Weg zum Hohlenstein. Die Fahrer der kurzen Distanz haben hier das Ziel erreicht, die Fahrer auf der langen Strecke fahren weiter bis zum Hutweg. Die kurze Distanz geht \u00fcber 2500m \/ 250hm, die gro\u00dfe \u00fcber 5000m \/ <a class=\"more-link\" href=\"https:\/\/www.rmsv-langenbrand.de\/?page_id=212\">Weiterlesen<\/a><\/p>\n","protected":false},"author":1,"featured_media":0,"parent":0,"menu_order":0,"comment_status":"closed","ping_status":"closed","template":"","meta":{"ngg_post_thumbnail":0,"footnotes":""},"class_list":["post-212","page","type-page","status-publish","hentry"],"_links":{"self":[{"href":"https:\/\/www.rmsv-langenbrand.de\/index.php?rest_route=\/wp\/v2\/pages\/212","targetHints":{"allow":["GET"]}}],"collection":[{"href":"https:\/\/www.rmsv-langenbrand.de\/index.php?rest_route=\/wp\/v2\/pages"}],"about":[{"href":"https:\/\/www.rmsv-langenbrand.de\/index.php?rest_route=\/wp\/v2\/types\/page"}],"author":[{"embeddable":true,"href":"https:\/\/www.rmsv-langenbrand.de\/index.php?rest_route=\/wp\/v2\/users\/1"}],"replies":[{"embeddable":true,"href":"https:\/\/www.rmsv-langenbrand.de\/index.php?rest_route=%2Fwp%2Fv2%2Fcomments&post=212"}],"version-history":[{"count":5,"href":"https:\/\/www.rmsv-langenbrand.de\/index.php?rest_route=\/wp\/v2\/pages\/212\/revisions"}],"predecessor-version":[{"id":2735,"href":"https:\/\/www.rmsv-langenbrand.de\/index.php?rest_route=\/wp\/v2\/pages\/212\/revisions\/2735"}],"wp:attachment":[{"href":"https:\/\/www.rmsv-langenbrand.de\/index.php?rest_route=%2Fwp%2Fv2%2Fmedia&parent=212"}],"curies":[{"name":"wp","href":"https:\/\/api.w.org\/{rel}","templated":true}]}}